rime factors of 102734.
2, 31, 1657
List the prime factors of 168556.
2, 42139
What are the prime factors of 346303?
346303
What are the prime factors of 5601376?
2, 11, 15913
What are the prime factors of 262474?
2, 263, 499
List the prime factors of 741262.
2, 370631
What are the prime factors of 289327?
53, 103
What are the prime factors of 4943828?
2, 107, 11551
List the prime factors of 30339092.
2, 7, 73, 14843
List the prime factors of 965619.
3, 31, 3461
List the prime factors of 327320.
2, 5, 7, 167
What are the prime factors of 1001153?
1001153
List the prime factors of 1720523.
7, 245789
List the prime factors of 260256.
2, 3, 2711
List the prime factors of 8599282.
2, 1051, 4091
What are the prime factors of 31759524?
2, 3, 29, 1049
What are the prime factors of 199451?
7, 28493
List the prime factors of 3234625.
5, 113, 229
List the prime factors of 78868.
2, 19717
What are the prime factors of 4331003?
43, 47, 2143
What are the prime factors of 526277?
43, 12239
List the prime factors of 995321.
43, 79, 293
List the prime factors of 4553924.
2, 47, 24223
What are the prime factors of 78684?
2, 3, 79, 83
What are the prime factors of 20292?
2, 3, 19, 89
What are the prime factors of 18243331?
37, 59, 61, 137
What are the prime factors of 223122?
2, 3, 41, 907
List the prime factors of 3696227.
3696227
What are the prime factors of 751468?
2, 17, 43, 257
What are the prime factors of 8248101?
3, 223, 12329
What are the prime factors of 1212960?
2, 3, 5, 7, 19
List the prime factors of 348177.
3, 17, 6827
What are the prime factors of 52173?
3, 11, 17, 31
What are the prime factors of 2206630?
2, 5, 220663
What are the prime factors of 36676944?
2, 3, 487, 523
List the prime factors of 998003.
193, 5171
List the prime factors of 83763.
3, 41, 227
List the prime factors of 327699.
3, 53, 229
List the prime factors of 314186.
2, 29, 5417
List the prime factors of 687334.
2, 343667
List the prime factors of 18460449.
3, 7, 179, 1637
What are the prime factors of 335264?
2, 10477
What are the prime factors of 20567347?
331, 62137
List the prime factors of 213432.
2, 3, 8893
List the prime factors of 3788762.
2, 1894381
List the prime factors of 2207764.
2, 13, 42457
List the prime factors of 199639.
11, 18149
What are the prime factors of 22793073?
3, 17, 37, 47, 257
List the prime factors of 3480108.
2, 3, 79, 3671
List the prime factors of 253166.
2, 126583
What are the prime factors of 200380?
2, 5, 43, 233
What are the prime factors of 2980330?
2, 5, 29, 43, 239
List the prime factors of 1194542.
2, 597271
List the prime factors of 6281837.
19, 330623
List the prime factors of 381981.
3, 157, 811
List the prime factors of 7341722.
2, 17, 181, 1193
What are the prime factors of 2742394?
2, 421, 3257
List the prime factors of 1077156.
2, 3, 29921
What are the prime factors of 4113835?
5, 11, 74797
What are the prime factors of 340758?
2, 3, 11, 1721
List the prime factors of 14303713.
19, 103, 7309
What are the prime factors of 3614580?
2, 3, 5, 43, 467
List the prime factors of 386829.
3, 14327
What are the prime factors of 2760008?
2, 345001
List the prime factors of 37240457.
2843, 13099
List the prime factors of 1745595.
3, 5, 38791
What are the prime factors of 648912?
2, 3, 11, 1229
What are the prime factors of 2449847?
2449847
What are the prime factors of 48323?
11, 23, 191
List the prime factors of 1445893.
53, 27281
List the prime factors of 4180486.
2, 233, 8971
What are the prime factors of 8057746?
2, 389, 10357
List the prime factors of 3343216.
2, 223, 937
What are the prime factors of 13356?
2, 3, 7, 53
What are the prime factors of 1815511?
89, 20399
List the prime factors of 4082260.
2, 5, 7, 13, 2243
List the prime factors of 173375.
5, 19, 73
List the prime factors of 202771.
31, 211
What are the prime factors of 6035901?
3, 17, 19, 6229
What are the prime factors of 454081?
19, 23899
List the prime factors of 1994140.
2, 5, 99707
What are the prime factors of 13435409?
13, 1033493
List the prime factors of 796727.
19, 2207
What are the prime factors of 330009?
3, 41, 2683
What are the prime factors of 47144?
2, 71, 83
List the prime factors of 2734974.
2, 3, 11, 19, 727
What are the prime factors of 13643072?
2, 213173
What are the prime factors of 240133?
439, 547
What are the prime factors of 651001?
13, 50077
List the prime factors of 8241409.
11, 749219
What are the prime factors of 362708?
2, 90677
List the prime factors of 1824100.
2, 5, 17, 29, 37
What are the prime factors of 2134474?
2, 31, 173, 199
List the prime factors of 19406392.
2, 2425799
What are the prime factors of 1223772?
2, 3, 11, 73, 127
List the prime factors of 356696.
2, 44587
What are the prime factors of 22248682?
2, 17, 23, 1237
What are the prime factors of 2411125?
5, 19289
List the prime factors of 647488.
2, 67, 151
What are the prime factors of 92995?
5, 7, 2657
What are the prime factors of 1306218?
2, 3, 29, 7507
List the prime factors of 21018565.
5, 113, 37201
List the prime factors of 97940.
2, 5, 59, 83
List the prime factors of 987594.
2, 3, 164599
What are the prime factors of 779319?
3, 131, 661
What are the prime factors of 140886?
2, 3, 2609
List the prime factors of 12948790.
2, 5, 29, 44651
What are the prime factors of 22970858?
2, 37, 43, 7219
What are the prime factors of 2372984?
2, 191, 1553
List the prime factors of 457698.
2, 3, 76283
What are the prime factors of 40689866?
2, 7, 881, 3299
What are the prime factors of 2160124?
2, 653, 827
What are the prime factors of 3302557?
3302557
What are the prime factors of 24325?
5, 7, 139
List the prime factors of 5201735.
5, 7, 11, 59, 229
List the prime factors of 1340020.
2, 5, 11, 6091
What are the prime factors of 1491526?
2, 53, 14071
List the prime factors of 24217919.
11, 23, 95723
What are the prime factors of 72082?
2, 23, 1567
What are the prime factors of 913693?
11, 83063
What are the prime factors of 699296?
2, 13, 41
What are the prime factors of 289402?
2, 144701
List the prime factors of 4481110.
2, 5, 448111
What are the prime factors of 17256825?
3, 5, 76697
What are the prime factors of 306504?
2, 3, 11, 43
List the prime factors of 538377.
3, 7, 31, 827
What are the prime factors of 3518399?
941, 3739
List the prime factors of 992650.
2, 5, 19853
What are the prime factors of 3388280?
2, 5, 7, 12101
What are the prime factors of 18967907?
7, 83, 32647
What are the prime factors of 36524?
2, 23, 397
List the prime factors of 36323831.
23, 1579297
What are the prime factors of 217365?
3, 5, 43, 337
List the prime factors of 177930.
2, 3, 5, 659
What are the prime factors of 308392?
2, 7, 5507
What are the prime factors of 346957?
13, 2053
What are the prime factors of 1316488?
2, 43, 89
What are the prime factors of 98798?
2, 7, 7057
What are the prime factors of 117068?
2, 7, 37, 113
List the prime factors of 384609.
3, 128203
List the prime factors of 16772377.
61, 274957
List the prime factors of 986922.
2, 3, 54829
List the prime factors of 1147623.
3, 382541
What are the prime factors of 2153269?
83, 25943
What are the prime factors of 7033599?
3, 781511
What are the prime factors of 13964434?
2, 11, 634747
List the prime factors of 43694.
2, 7, 3121
What are the prime factors of 267491?
7, 53, 103
List the prime factors of 6130.
2, 5, 613
List the prime factors of 707292.
2, 3, 37, 59
What are the prime factors of 15015147?
3, 7, 199, 3593
List the prime factors of 4529324.
2, 193, 5867
List the prime factors of 13966215.
3, 5, 953, 977
What are the prime factors of 2159498?
2, 11, 103, 953
List the prime factors of 202772.
2, 163, 311
List the prime factors of 2775581.
101, 27481
What are the prime factors of 438863?
23, 19081
What are the prime factors of 279968?
2, 13, 673
What are the prime factors of 9233502?
2, 3, 1538917
What are the prime factors of 4027597?
7, 575371
List the prime factors of 370171.
31, 11941
List the prime factors of 29851.
29851
List the prime factors of 1847501.
41, 45061
List the prime factors of 115950.
2, 3, 5, 773
What are the prime factors of 97204?
2, 19, 1279
What are the prime factors of 328718?
2, 13, 47, 269
List the prime factors of 19831554.
2, 3, 17, 19, 379
What are the prime factors of 1518057